t of 228563094?
8
What is the tens digit of 991315521?
2
What is the hundred thousands digit of 53115899?
1
What is the hundreds digit of 36100647?
6
What is the ten millions digit of 133458378?
3
What is the hundreds digit of 33087427?
4
What is the hundred thousands digit of 138616353?
6
What is the units digit of 71904508?
8
What is the ten thousands digit of 9297268?
9
What is the tens digit of 81390176?
7
What is the ten thousands digit of 1057950385?
5
What is the thousands digit of 3566674755?
4
What is the hundred thousands digit of 1134219401?
2
What is the units digit of 10065571?
1
What is the millions digit of 51310886?
1
What is the hundreds digit of 76930718?
7
What is the millions digit of 171769547?
1
What is the tens digit of 472256753?
5
What is the billions digit of 1501297496?
1
What is the hundred thousands digit of 726865144?
8
What is the ten millions digit of 253925005?
5
What is the hundred millions digit of 1564592666?
5
What is the thousands digit of 1406697407?
7
What is the millions digit of 1257962308?
7
What is the tens digit of 3702877907?
0
What is the millions digit of 334559394?
4
What is the ten thousands digit of 26165234?
6
What is the millions digit of 36721104?
6
What is the units digit of 12373911?
1
What is the units digit of 4542193?
3
What is the thousands digit of 46262324?
2
What is the hundreds digit of 8077871?
8
What is the tens digit of 539422752?
5
What is the thousands digit of 84146142?
6
What is the ten thousands digit of 32189958?
8
What is the hundred thousands digit of 48645940?
6
What is the ten thousands digit of 84402321?
0
What is the units digit of 539190480?
0
What is the billions digit of 2243413161?
2
What is the ten thousands digit of 279638894?
3
What is the hundred thousands digit of 700495353?
4
What is the ten thousands digit of 8341289?
4
What is the tens digit of 2237745389?
8
What is the millions digit of 30204166?
0
What is the hundreds digit of 152898081?
0
What is the hundred thousands digit of 141953327?
9
What is the thousands digit of 374540129?
0
What is the ten thousands digit of 12149523?
4
What is the ten millions digit of 5219178974?
1
What is the hundred thousands digit of 179477793?
4
What is the millions digit of 261122446?
1
What is the millions digit of 514321040?
4
What is the hundreds digit of 76165536?
5
What is the millions digit of 67737227?
7
What is the tens digit of 49637808?
0
What is the tens digit of 410766586?
8
What is the billions digit of 1140665009?
1
What is the units digit of 352982110?
0
What is the tens digit of 269096508?
0
What is the ten thousands digit of 48408547?
0
What is the tens digit of 97159033?
3
What is the tens digit of 59853215?
1
What is the millions digit of 242428049?
2
What is the ten thousands digit of 585493052?
9
What is the millions digit of 219312733?
9
What is the thousands digit of 830663609?
3
What is the hundreds digit of 668432?
4
What is the billions digit of 1118306625?
1
What is the units digit of 45269865?
5
What is the thousands digit of 92981574?
1
What is the ten thousands digit of 291947676?
4
What is the hundred thousands digit of 4886619?
8
What is the millions digit of 115240807?
5
What is the tens digit of 759459764?
6
What is the thousands digit of 163671698?
1
What is the ten thousands digit of 61613532?
1
What is the hundred thousands digit of 67678162?
6
What is the thousands digit of 957589542?
9
What is the thousands digit of 39571220?
1
What is the thousands digit of 973786015?
6
What is the ten millions digit of 12387526?
1
What is the hundred millions digit of 2744678412?
7
What is the ten thousands digit of 71234610?
3
What is the millions digit of 63227505?
3
What is the units digit of 850869838?
8
What is the tens digit of 838588792?
9
What is the units digit of 133804801?
1
What is the ten thousands digit of 410778680?
7
What is the thousands digit of 207384666?
4
What is the hundred millions digit of 521512254?
5
What is the hundred thousands digit of 846316499?
3
What is the millions digit of 9123532?
9
What is the tens digit of 2399204480?
8
What is the hundred millions digit of 672619295?
6
What is the tens digit of 212769367?
6
What is the thousands digit of 26982813?
2
What is the thousands digit of 642282572?
2
What is the hundreds digit of 46354832?
8
What is the units digit of 3124568?
8
What is the tens digit of 18664676?
7
What is the thousands digit of 1001872313?
2
What is the hundred millions digit of 2463357002?
4
What is the thousands digit of 115859851?
9
What is the ten thousands digit of 1726760804?
6
What is the ten millions digit of 64669170?
6
What is the thousands digit of 23882760?
2
What is the thousands digit of 3509465340?
5
What is the ten millions digit of 36592103?
3
What is the hundred millions digit of 979205795?
9
What is the hundreds digit of 6577439?
4
What is the hundred millions digit of 382069399?
3
What is the hundreds digit of 3637186977?
9
What is the millions digit of 241067702?
1
What is the ten thousands digit of 33493227?
9
What is the thousands digit of 958317078?
7
What is the hundred millions digit of 4561888901?
5
What is the thousands digit of 142470742?
0
What is the hundred thousands digit of 203731546?
7
What is the ten thousands digit of 117139207?
3
What is the hundred millions digit of 652025455?
6
What is the hundreds digit of 384120532?
5
What is the units digit of 4566502?
2
What is the units digit of 28799847?
7
What is the ten thousands digit of 105368194?
6
What is the hundreds digit of 489309936?
9
What is the ten millions digit of 19927561?
1
What is the tens digit of 5622631580?
8
What is the ten thousands digit of 39602051?
0
What is the hundreds digit of 55627157?
1
What is the tens digit of 354168638?
3
What is the hundred thousands digit of 3279905001?
9
What is the ten thousands digit of 5525951630?
5
What is the thousands digit of 1340243551?
3
What is the tens digit of 104821156?
5
What is the units digit of 205070872?
2
What is the hundred thousands digit of 1060049272?
0
What is the millions digit of 20792240?
0
What is the millions digit of 122202468?
2
What is the ten millions digit of 888849948?
8
What is the millions digit of 123744753?
3
What is the units digit of 107167000?
0
What is the units digit of 37031432?
2
What is the hundred thousands digit of 206023444?
0
What is the hundred millions digit of 170674888?
1
What is the millions digit of 4290536372?
0
What is the hundred thousands digit of 26425596?
4
What is the thousands digit of 3123506351?
6
What is the hundreds digit of 316773978?
9
What is the units digit of 1098974227?
7
What is the ten millions digit of 366560973?
6
What is the units digit of 143753345?
5
What is the ten thousands digit of 207743151?
4
What is the hundreds digit of 7254271845?
8
What is the ten millions digit of 2142050439?
4
What is the millions digit of 2898753763?
8
What is the thousands digit of 23605090?
5
What is the thousands digit of 521205755?
5
What is the thousands digit of 40334652?
4
What is the hundred millions digit of 832580076?
8
What is the hundred millions digit of 939248808?
9
What is the hundred millions digit of 143323516?
1
What is the hundreds digit of 1205278039?
0
What is the units digit of 39593968?
8
What is the ten millions digit of 510577621?
1
What is the hundred thousands digit of 1113591196?
5
What is the ten millions digit of 703604612?
0
What is the units digit of 293500078?
8
What is the hundreds digit of 41976383?
3
What is the hundred millions digit of 205598461?
2
What is the thousands digit of 581525061?
5
What is the hundred thousands digit of 117345636?
3
What is the ten thousands digit of 181787223?
8
What is the millions digit of 26990359?
6
What is the ten thousands digit of 354119799?
1
What is the hundred thousands digit of 196980418?
9
What is the hundred millions digit of 322760181?
3
What is the millions digit of 645815760?
5
What is the tens digit of 323597615?
1
What is the ten thousands digit of 27862749?
6
What is the hundred thousands digit of 86362880?
3
What is the tens digit of 454179213?
1
What is the hundred thousands digit of 328276191?
2
What is the hundreds digit of 1627293419?
4
What is the millions digit 